{"id":26107,"date":"2024-01-03T12:12:56","date_gmt":"2024-01-03T12:12:56","guid":{"rendered":"https:\/\/hmapharmagroup.com\/hma\/?post_type=product&#038;p=26107"},"modified":"2024-08-09T17:38:31","modified_gmt":"2024-08-09T17:38:31","slug":"hma-carbamid-cream","status":"publish","type":"product","link":"https:\/\/hmapharmagroup.com\/hma\/index.php\/product\/hma-carbamid-cream\/","title":{"rendered":"HMA Carbamide skin cream"},"content":{"rendered":"<p>HMA carbamide skin cream<\/p>\n<p>Ingredients<\/p>\n<p>Aloe Vera Extract (Aloe Barbadensis Extract), Tocopheryl Acetate, Ceramide 3, Glycerin, Dimethicone, Urea, Shea Butter (Butyrospermum Parkii Butter), Glycolic acid, Lactic Acid, Stearic Acid, Glyceryl Stearate, Hyaluronic Acid, Xanthan Gum, Sodium Benzoate, Allantion, Triethanol Amine, Licorice Extract, Water.<\/p>\n<p>&nbsp;<\/p>\n<p>Ingr\u00e9dients<\/p>\n<p>Extrait d&#8217;Aloe Vera (extrait d&#8217;Aloe Barbadensis), ac\u00e9tate de tocoph\u00e9ryle, c\u00e9ramide 3, glyc\u00e9rine, dim\u00e9thicone, ur\u00e9e, beurre de karit\u00e9 (beurre de Butyrospermum Parkii), acide glycolique, acide lactique, acide st\u00e9arique, st\u00e9arate de glyc\u00e9ryle, acide hyaluronique, gomme de xanthane, benzoate de sodium, Allantion, Tri\u00e9thanol Amine, Extrait de R\u00e9glisse, Eau.<\/p>\n<p>&nbsp;<\/p>\n<p>HMA carbamide skin cream<\/p>\n<p>Skin soothing &amp; emollient cream<\/p>\n<p>Urea is a highly moisturizing humectant It provides moisture to help bolster the skin\u2019s outer layer<\/p>\n<p>Aloe vera and Shea Butter help soothing and moisturizing the skin.<\/p>\n<p>Cr\u00e8me apaisante et \u00e9molliente pour la peu<\/p>\n<p>L&#8217;ur\u00e9e est un humectant hautement hydratant Il fournit de l&#8217;humidit\u00e9 pour aider \u00e0 renforcer la couche externe de la peau<\/p>\n<p>L&#8217;aloe vera et le beurre de karit\u00e9 aident \u00e0 apaiser et hydrater la peau.<\/p>\n<p>USAGE: Apply a suitable amount of HMA carbamide skin cream on the skin with gentle massage when needed<\/p>\n<p>Utilisation : Appliquer une quantit\u00e9 appropri\u00e9e de HMA carbamide skin cream sur la peau en massant doucement si n\u00e9cessaire<\/p>\n<p>\u0643\u064a\u0641\u064a\u0629 \u0627\u0644\u0627\u0633\u062a\u0639\u0645\u0627\u0644: \u062a\u0648\u0636\u0639 \u0643\u0645\u064a\u0629 \u0645\u0646\u0627\u0633\u0628\u0629 \u0645\u0646 \u0627\u0644\u0643\u0631\u064a\u0645 \u0639\u0644\u0649 \u0627\u0644\u062c\u0644\u062f \u0645\u0639 \u062a\u062f\u0644\u064a\u0643 \u0644\u0637\u064a\u0641 \u0639\u0646\u062f \u0627\u0644\u062d\u0627\u062c\u0629<\/p>\n<p>\u0643\u0631\u064a\u0645 \u0645\u0644\u0637\u0641 \u0648\u0645\u0631\u0637\u0628 \u0644\u0644\u0628\u0634\u0631\u0629<\/p>\n<p>Precaution &amp; storage<\/p>\n<p>For external use only<\/p>\n<p>Avoid contact with eyes<\/p>\n<p>Keep out of the reach of the children<\/p>\n<p>Keep at room temperature not exceeded 30 0c<\/p>\n<p>Pr\u00e9caution &amp; stockage<\/p>\n<p>Pour usage externe uniquement<\/p>\n<p>\u00c9viter le contact visuel<\/p>\n<p>Tenir hors de port\u00e9e des enfants<\/p>\n<p>Conserver \u00e0 temp\u00e9rature ambiante ne d\u00e9passant pas 30 oc<\/p>\n<p>Cosmetic product<\/p>\n<p>EDA.Notification No.:\u00a0 72127\/2021<\/p>\n<p>Manufactured by Smartec for pharmaceuticals &amp; cosmetics for HMA pharma Group<\/p>\n<p>Made In Egypt<\/p>\n<p>&nbsp;<\/p>\n","protected":false},"excerpt":{"rendered":"<p>\u0643\u0631\u064a\u0645 \u0645\u0644\u0637\u0641 \u0648\u0645\u0631\u0637\u0628 \u0644\u0644\u0628\u0634\u0631\u0629<\/p>\n","protected":false},"featured_media":26779,"comment_status":"open","ping_status":"closed","template":"","meta":{"inline_featured_image":false,"_themeisle_gutenberg_block_has_review":false},"product_cat":[74],"product_tag":[],"_links":{"self":[{"href":"https:\/\/hmapharmagroup.com\/hma\/index.php\/wp-json\/wp\/v2\/product\/26107"}],"collection":[{"href":"https:\/\/hmapharmagroup.com\/hma\/index.php\/wp-json\/wp\/v2\/product"}],"about":[{"href":"https:\/\/hmapharmagroup.com\/hma\/index.php\/wp-json\/wp\/v2\/types\/product"}],"replies":[{"embeddable":true,"href":"https:\/\/hmapharmagroup.com\/hma\/index.php\/wp-json\/wp\/v2\/comments?post=26107"}],"wp:featuredmedia":[{"embeddable":true,"href":"https:\/\/hmapharmagroup.com\/hma\/index.php\/wp-json\/wp\/v2\/media\/26779"}],"wp:attachment":[{"href":"https:\/\/hmapharmagroup.com\/hma\/index.php\/wp-json\/wp\/v2\/media?parent=26107"}],"wp:term":[{"taxonomy":"product_cat","embeddable":true,"href":"https:\/\/hmapharmagroup.com\/hma\/index.php\/wp-json\/wp\/v2\/product_cat?post=26107"},{"taxonomy":"product_tag","embeddable":true,"href":"https:\/\/hmapharmagroup.com\/hma\/index.php\/wp-json\/wp\/v2\/product_tag?post=26107"}],"curies":[{"name":"wp","href":"https:\/\/api.w.org\/{rel}","templated":true}]}}